{"id":42,"date":"2018-07-16T10:11:35","date_gmt":"2018-07-16T10:11:35","guid":{"rendered":"http:\/\/demo.acmethemes.com\/lawyer-zone\/?page_id=42"},"modified":"2019-05-29T18:37:36","modified_gmt":"2019-05-29T18:37:36","slug":"gun-crimes","status":"publish","type":"page","link":"https:\/\/www.arlegal.com.pl\/?page_id=42","title":{"rendered":"RODO 2018"},"content":{"rendered":"<p>Od 25 maja 2018&nbsp; r. wszyscy przedsi\u0119biorcy (dotyczy to nawet mikro przedsi\u0119biorc\u00f3w) maj\u0105 obowi\u0105zek wdro\u017cenia&nbsp; rozwi\u0105za\u0144 zgodnie z nowym prawem Ochrony Danych Osobowych (RODO).<\/p>\n<p>Kancelaria pomaga wdro\u017cy\u0107 odpowiednie procedury ochrony danych osobowych dopasowane do rodzaju i zakresu dzia\u0142alno\u015bci prowadzonej przez Klienta.<\/p>\n<p>Wykonujemy r\u00f3wnie\u017c audyty zgodno\u015bci z RODO.<\/p>\n","protected":false},"excerpt":{"rendered":"<p>Od 25 maja 2018&nbsp; r. wszyscy przedsi\u0119biorcy (dotyczy to nawet mikro przedsi\u0119biorc\u00f3w) maj\u0105 obowi\u0105zek wdro\u017cenia&nbsp; rozwi\u0105za\u0144 zgodnie z nowym prawem Ochrony Danych Osobowych (RODO). Kancelaria pomaga wdro\u017cy\u0107 odpowiednie procedury ochrony danych osobowych dopasowane do rodzaju i zakresu dzia\u0142alno\u015bci prowadzonej przez Klienta. Wykonujemy r\u00f3wnie\u017c audyty zgodno\u015bci z RODO.<\/p>\n","protected":false},"author":1,"featured_media":0,"parent":0,"menu_order":0,"comment_status":"closed","ping_status":"closed","template":"","meta":{"footnotes":""},"class_list":["post-42","page","type-page","status-publish","hentry"],"_links":{"self":[{"href":"https:\/\/www.arlegal.com.pl\/index.php?rest_route=\/wp\/v2\/pages\/42","targetHints":{"allow":["GET"]}}],"collection":[{"href":"https:\/\/www.arlegal.com.pl\/index.php?rest_route=\/wp\/v2\/pages"}],"about":[{"href":"https:\/\/www.arlegal.com.pl\/index.php?rest_route=\/wp\/v2\/types\/page"}],"author":[{"embeddable":true,"href":"https:\/\/www.arlegal.com.pl\/index.php?rest_route=\/wp\/v2\/users\/1"}],"replies":[{"embeddable":true,"href":"https:\/\/www.arlegal.com.pl\/index.php?rest_route=%2Fwp%2Fv2%2Fcomments&post=42"}],"version-history":[{"count":2,"href":"https:\/\/www.arlegal.com.pl\/index.php?rest_route=\/wp\/v2\/pages\/42\/revisions"}],"predecessor-version":[{"id":308,"href":"https:\/\/www.arlegal.com.pl\/index.php?rest_route=\/wp\/v2\/pages\/42\/revisions\/308"}],"wp:attachment":[{"href":"https:\/\/www.arlegal.com.pl\/index.php?rest_route=%2Fwp%2Fv2%2Fmedia&parent=42"}],"curies":[{"name":"wp","href":"https:\/\/api.w.org\/{rel}","templated":true}]}}