{"id":170,"date":"2018-07-16T11:21:03","date_gmt":"2018-07-16T11:21:03","guid":{"rendered":"http:\/\/demo.acmethemes.com\/lawyer-zone\/?page_id=170"},"modified":"2019-05-28T13:28:49","modified_gmt":"2019-05-28T13:28:49","slug":"gallery","status":"publish","type":"page","link":"https:\/\/www.arlegal.com.pl\/?page_id=170","title":{"rendered":"Galeria"},"content":{"rendered":"<div id=\"pl-170\"  class=\"panel-layout\" ><div id=\"pg-170-0\"  class=\"panel-grid panel-no-style\" ><div id=\"pgc-170-0-0\"  class=\"panel-grid-cell\" ><div id=\"panel-170-0-0-0\" class=\"so-panel widget widget_media_image panel-first-child\" data-index=\"0\" ><img loading=\"lazy\" decoding=\"async\" width=\"1920\" height=\"600\" src=\"https:\/\/www.arlegal.com.pl\/wp-content\/uploads\/2018\/07\/lawyer_theme_innerpage.jpg\" class=\"image wp-image-147  attachment-full size-full\" alt=\"\" style=\"max-width: 100%; height: auto;\" srcset=\"https:\/\/www.arlegal.com.pl\/wp-content\/uploads\/2018\/07\/lawyer_theme_innerpage.jpg 1920w, https:\/\/www.arlegal.com.pl\/wp-content\/uploads\/2018\/07\/lawyer_theme_innerpage-300x94.jpg 300w, https:\/\/www.arlegal.com.pl\/wp-content\/uploads\/2018\/07\/lawyer_theme_innerpage-768x240.jpg 768w, https:\/\/www.arlegal.com.pl\/wp-content\/uploads\/2018\/07\/lawyer_theme_innerpage-1024x320.jpg 1024w\" sizes=\"auto, (max-width: 1920px) 100vw, 1920px\" \/><\/div><div id=\"panel-170-0-0-1\" class=\"so-panel widget widget_lawyer_zone_gallery panel-last-child\" data-index=\"1\" ><div class=\"panel-widget-style panel-widget-style-for-170-0-0-1\" >            <section id=\"lawyer_zone_gallery-1\" class=\"at-widgets acme-gallery\">\r\n                <div class=\"full-width-container\">\r\n                                            <div class=\"row fullwidth-row\">\r\n                                                                <div class=\"at-gallery-item  col-sm-4 col-md-4\">\r\n                                        <div class=\"gallery-inner-item init-animate zoomIn\">\r\n                                            <div class=\"at-bottom-lower\">\r\n                                                <h3>\r\n\t                                                <a href=\"https:\/\/www.arlegal.com.pl\/?page_id=117\" class=\"all-link\">Prawo Restrukturyzacyjne<\/a>                                                <\/h3>\r\n                                                                                                    <a class=\"image-gallery-widget\" href=\"https:\/\/www.arlegal.com.pl\/wp-content\/uploads\/2019\/05\/upadkons.jpeg\">\r\n                                                        <i class=\"fa fa-search gallery-button primary-bg\"><\/i>\r\n                                                    <\/a>\r\n\t                                                                                            <\/div>\r\n                                            <div class=\"at-gallery-hover\"><\/div>\r\n\t                                        <a href=\"https:\/\/www.arlegal.com.pl\/?page_id=117\" class=\"all-link\">                                            <img decoding=\"async\" src=\"https:\/\/www.arlegal.com.pl\/wp-content\/uploads\/2019\/05\/upadkons-1024x603.jpeg\" alt=\"Prawo Restrukturyzacyjne\" title=\"Prawo Restrukturyzacyjne\" \/>\r\n                                            <\/a>                                        <\/div>\r\n                                    <\/div>\r\n                                                                        <div class=\"at-gallery-item  col-sm-4 col-md-4\">\r\n                                        <div class=\"gallery-inner-item init-animate zoomIn\">\r\n                                            <div class=\"at-bottom-lower\">\r\n                                                <h3>\r\n\t                                                <a href=\"https:\/\/www.arlegal.com.pl\/?page_id=125\" class=\"all-link\">AUDYTY SP\u00d3\u0141EK<\/a>                                                <\/h3>\r\n                                                                                                    <a class=\"image-gallery-widget\" href=\"https:\/\/www.arlegal.com.pl\/wp-content\/uploads\/2019\/05\/pexels-photo-533189.jpeg\">\r\n                                                        <i class=\"fa fa-search gallery-button primary-bg\"><\/i>\r\n                                                    <\/a>\r\n\t                                                                                            <\/div>\r\n                                            <div class=\"at-gallery-hover\"><\/div>\r\n\t                                        <a href=\"https:\/\/www.arlegal.com.pl\/?page_id=125\" class=\"all-link\">                                            <img decoding=\"async\" src=\"https:\/\/www.arlegal.com.pl\/wp-content\/uploads\/2019\/05\/pexels-photo-533189-1024x768.jpeg\" alt=\"AUDYTY SP\u00d3\u0141EK\" title=\"AUDYTY SP\u00d3\u0141EK\" \/>\r\n                                            <\/a>                                        <\/div>\r\n                                    <\/div>\r\n                                                                        <div class=\"at-gallery-item  col-sm-4 col-md-4\">\r\n                                        <div class=\"gallery-inner-item init-animate zoomIn\">\r\n                                            <div class=\"at-bottom-lower\">\r\n                                                <h3>\r\n\t                                                <a href=\"https:\/\/www.arlegal.com.pl\/?page_id=119\" class=\"all-link\">Umowy Deweloperskie<\/a>                                                <\/h3>\r\n                                                                                                    <a class=\"image-gallery-widget\" href=\"https:\/\/www.arlegal.com.pl\/wp-content\/uploads\/2018\/07\/adult-3327336_1920.jpg\">\r\n                                                        <i class=\"fa fa-search gallery-button primary-bg\"><\/i>\r\n                                                    <\/a>\r\n\t                                                                                            <\/div>\r\n                                            <div class=\"at-gallery-hover\"><\/div>\r\n\t                                        <a href=\"https:\/\/www.arlegal.com.pl\/?page_id=119\" class=\"all-link\">                                            <img decoding=\"async\" src=\"https:\/\/www.arlegal.com.pl\/wp-content\/uploads\/2018\/07\/adult-3327336_1920-1024x683.jpg\" alt=\"Umowy Deweloperskie\" title=\"Umowy Deweloperskie\" \/>\r\n                                            <\/a>                                        <\/div>\r\n                                    <\/div>\r\n                                                                        <div class=\"at-gallery-item  col-sm-4 col-md-4\">\r\n                                        <div class=\"gallery-inner-item init-animate zoomIn\">\r\n                                            <div class=\"at-bottom-lower\">\r\n                                                <h3>\r\n\t                                                <a href=\"https:\/\/www.arlegal.com.pl\/?page_id=114\" class=\"all-link\">Prawo w\u0142asno\u015bci intelektualnej<\/a>                                                <\/h3>\r\n                                                                                                    <a class=\"image-gallery-widget\" href=\"https:\/\/www.arlegal.com.pl\/wp-content\/uploads\/2018\/07\/justice-law-case-hearing-159832.jpeg\">\r\n                                                        <i class=\"fa fa-search gallery-button primary-bg\"><\/i>\r\n                                                    <\/a>\r\n\t                                                                                            <\/div>\r\n                                            <div class=\"at-gallery-hover\"><\/div>\r\n\t                                        <a href=\"https:\/\/www.arlegal.com.pl\/?page_id=114\" class=\"all-link\">                                            <img decoding=\"async\" src=\"https:\/\/www.arlegal.com.pl\/wp-content\/uploads\/2018\/07\/justice-law-case-hearing-159832-1024x683.jpeg\" alt=\"Prawo w\u0142asno\u015bci intelektualnej\" title=\"Prawo w\u0142asno\u015bci intelektualnej\" \/>\r\n                                            <\/a>                                        <\/div>\r\n                                    <\/div>\r\n                                                                        <div class=\"at-gallery-item  col-sm-4 col-md-4\">\r\n                                        <div class=\"gallery-inner-item init-animate zoomIn\">\r\n                                            <div class=\"at-bottom-lower\">\r\n                                                <h3>\r\n\t                                                <a href=\"https:\/\/www.arlegal.com.pl\/?page_id=122\" class=\"all-link\">RODO 2018 Nowe Prawo Ochrony Danych Osobowych<\/a>                                                <\/h3>\r\n                                                                                                    <a class=\"image-gallery-widget\" href=\"https:\/\/www.arlegal.com.pl\/wp-content\/uploads\/2018\/07\/agreement-2548138_1920.jpg\">\r\n                                                        <i class=\"fa fa-search gallery-button primary-bg\"><\/i>\r\n                                                    <\/a>\r\n\t                                                                                            <\/div>\r\n                                            <div class=\"at-gallery-hover\"><\/div>\r\n\t                                        <a href=\"https:\/\/www.arlegal.com.pl\/?page_id=122\" class=\"all-link\">                                            <img decoding=\"async\" src=\"https:\/\/www.arlegal.com.pl\/wp-content\/uploads\/2018\/07\/agreement-2548138_1920-1024x683.jpg\" alt=\"RODO 2018 Nowe Prawo Ochrony Danych Osobowych\" title=\"RODO 2018 Nowe Prawo Ochrony Danych Osobowych\" \/>\r\n                                            <\/a>                                        <\/div>\r\n                                    <\/div>\r\n                                                                        <div class=\"at-gallery-item  col-sm-4 col-md-4\">\r\n                                        <div class=\"gallery-inner-item init-animate zoomIn\">\r\n                                            <div class=\"at-bottom-lower\">\r\n                                                <h3>\r\n\t                                                <a href=\"https:\/\/www.arlegal.com.pl\/?page_id=128\" class=\"all-link\">Upad\u0142o\u015b\u0107 Konsumencka<\/a>                                                <\/h3>\r\n                                                                                                    <a class=\"image-gallery-widget\" href=\"https:\/\/www.arlegal.com.pl\/wp-content\/uploads\/2019\/05\/pexels-photo-416322.jpeg\">\r\n                                                        <i class=\"fa fa-search gallery-button primary-bg\"><\/i>\r\n                                                    <\/a>\r\n\t                                                                                            <\/div>\r\n                                            <div class=\"at-gallery-hover\"><\/div>\r\n\t                                        <a href=\"https:\/\/www.arlegal.com.pl\/?page_id=128\" class=\"all-link\">                                            <img decoding=\"async\" src=\"https:\/\/www.arlegal.com.pl\/wp-content\/uploads\/2019\/05\/pexels-photo-416322-1024x683.jpeg\" alt=\"Upad\u0142o\u015b\u0107 Konsumencka\" title=\"Upad\u0142o\u015b\u0107 Konsumencka\" \/>\r\n                                            <\/a>                                        <\/div>\r\n                                    <\/div>\r\n                                                            <\/div><!--row-->\r\n\t                                    <\/div>\r\n            <\/section>\r\n            <\/div><\/div><\/div><\/div><\/div>","protected":false},"excerpt":{"rendered":"","protected":false},"author":1,"featured_media":0,"parent":0,"menu_order":0,"comment_status":"closed","ping_status":"closed","template":"page-templates\/template-builder.php","meta":{"footnotes":""},"class_list":["post-170","page","type-page","status-publish","hentry"],"_links":{"self":[{"href":"https:\/\/www.arlegal.com.pl\/index.php?rest_route=\/wp\/v2\/pages\/170","targetHints":{"allow":["GET"]}}],"collection":[{"href":"https:\/\/www.arlegal.com.pl\/index.php?rest_route=\/wp\/v2\/pages"}],"about":[{"href":"https:\/\/www.arlegal.com.pl\/index.php?rest_route=\/wp\/v2\/types\/page"}],"author":[{"embeddable":true,"href":"https:\/\/www.arlegal.com.pl\/index.php?rest_route=\/wp\/v2\/users\/1"}],"replies":[{"embeddable":true,"href":"https:\/\/www.arlegal.com.pl\/index.php?rest_route=%2Fwp%2Fv2%2Fcomments&post=170"}],"version-history":[{"count":2,"href":"https:\/\/www.arlegal.com.pl\/index.php?rest_route=\/wp\/v2\/pages\/170\/revisions"}],"predecessor-version":[{"id":263,"href":"https:\/\/www.arlegal.com.pl\/index.php?rest_route=\/wp\/v2\/pages\/170\/revisions\/263"}],"wp:attachment":[{"href":"https:\/\/www.arlegal.com.pl\/index.php?rest_route=%2Fwp%2Fv2%2Fmedia&parent=170"}],"curies":[{"name":"wp","href":"https:\/\/api.w.org\/{rel}","templated":true}]}}