{"id":122,"date":"2018-07-16T10:56:01","date_gmt":"2018-07-16T10:56:01","guid":{"rendered":"http:\/\/demo.acmethemes.com\/lawyer-zone\/?page_id=122"},"modified":"2019-05-29T18:48:56","modified_gmt":"2019-05-29T18:48:56","slug":"hit-run","status":"publish","type":"page","link":"https:\/\/www.arlegal.com.pl\/?page_id=122","title":{"rendered":"RODO 2018 Nowe Prawo Ochrony Danych Osobowych"},"content":{"rendered":"<p>Od 25 maja 2018&nbsp; r. wszyscy przedsi\u0119biorcy (dotyczy to nawet mikro przedsi\u0119biorc\u00f3w) maj\u0105 obowi\u0105zek wdro\u017cenia&nbsp; rozwi\u0105za\u0144 zgodnie z nowym prawem Ochrony Danych Osobowych (RODO).<\/p>\n<p>Kancelaria pomaga przygotowa\u0107 i wdro\u017cy\u0107 procedury ochrony danych osobowych, kt\u00f3re s\u0105 odpowiednio dostosowane do rodzaju i zakresu dzia\u0142alno\u015bci Klienta.<\/p>\n<p>Kancelaria wykonuje r\u00f3wnie\u017c audyty zgodno\u015bci z RODO.<\/p>\n","protected":false},"excerpt":{"rendered":"<p>Od 25 maja 2018&nbsp; r. wszyscy przedsi\u0119biorcy (dotyczy to nawet mikro przedsi\u0119biorc\u00f3w) maj\u0105 obowi\u0105zek wdro\u017cenia&nbsp; rozwi\u0105za\u0144 zgodnie z nowym prawem Ochrony Danych Osobowych (RODO). Kancelaria pomaga przygotowa\u0107 i wdro\u017cy\u0107 procedury ochrony danych osobowych, kt\u00f3re s\u0105 odpowiednio dostosowane do rodzaju i zakresu dzia\u0142alno\u015bci Klienta. Kancelaria wykonuje r\u00f3wnie\u017c audyty zgodno\u015bci z RODO.<\/p>\n","protected":false},"author":1,"featured_media":126,"parent":0,"menu_order":0,"comment_status":"closed","ping_status":"closed","template":"","meta":{"footnotes":""},"class_list":["post-122","page","type-page","status-publish","has-post-thumbnail","hentry"],"_links":{"self":[{"href":"https:\/\/www.arlegal.com.pl\/index.php?rest_route=\/wp\/v2\/pages\/122","targetHints":{"allow":["GET"]}}],"collection":[{"href":"https:\/\/www.arlegal.com.pl\/index.php?rest_route=\/wp\/v2\/pages"}],"about":[{"href":"https:\/\/www.arlegal.com.pl\/index.php?rest_route=\/wp\/v2\/types\/page"}],"author":[{"embeddable":true,"href":"https:\/\/www.arlegal.com.pl\/index.php?rest_route=\/wp\/v2\/users\/1"}],"replies":[{"embeddable":true,"href":"https:\/\/www.arlegal.com.pl\/index.php?rest_route=%2Fwp%2Fv2%2Fcomments&post=122"}],"version-history":[{"count":2,"href":"https:\/\/www.arlegal.com.pl\/index.php?rest_route=\/wp\/v2\/pages\/122\/revisions"}],"predecessor-version":[{"id":310,"href":"https:\/\/www.arlegal.com.pl\/index.php?rest_route=\/wp\/v2\/pages\/122\/revisions\/310"}],"wp:featuredmedia":[{"embeddable":true,"href":"https:\/\/www.arlegal.com.pl\/index.php?rest_route=\/wp\/v2\/media\/126"}],"wp:attachment":[{"href":"https:\/\/www.arlegal.com.pl\/index.php?rest_route=%2Fwp%2Fv2%2Fmedia&parent=122"}],"curies":[{"name":"wp","href":"https:\/\/api.w.org\/{rel}","templated":true}]}}