{"id":119,"date":"2018-07-16T10:55:23","date_gmt":"2018-07-16T10:55:23","guid":{"rendered":"http:\/\/demo.acmethemes.com\/lawyer-zone\/?page_id=119"},"modified":"2019-05-28T13:21:59","modified_gmt":"2019-05-28T13:21:59","slug":"corporate","status":"publish","type":"page","link":"https:\/\/www.arlegal.com.pl\/?page_id=119","title":{"rendered":"Umowy Deweloperskie"},"content":{"rendered":"<p>Opiniujemy umowy deweloperskie szybko i dok\u0142adnie. Asystujemy przy negocjacjach postanowie\u0144 umowy z deweloperami. U\u0142atwiamy kontakty z bankami i urz\u0119dami w sprawach deweloperskich. Reprezentujemy Naszych Klient\u00f3w w sporach z deweloperem tak\u017ce po realizacji inwestycji. Dochodzimy roszcze\u0144 z r\u0119kojmi i gwarancji na etapie przeds\u0105dowym, jaki przed s\u0105dem.<\/p>\n<p>Koszt opiniowania typowej umowy deweloperskiej to zaledwie 400 z\u0142 netto + VAT. W sprawach szczeg\u00f3lnie skomplikowanych wynagrodzenie ustalane jest indywidualnie, wsp\u00f3lnie z Klientem,\u00a0 na podstawie nak\u0142adu pracy Kancelarii.<\/p>\n","protected":false},"excerpt":{"rendered":"<p>Opiniujemy umowy deweloperskie szybko i dok\u0142adnie. Asystujemy przy negocjacjach postanowie\u0144 umowy z deweloperami. U\u0142atwiamy kontakty z bankami i urz\u0119dami w sprawach deweloperskich. Reprezentujemy Naszych Klient\u00f3w w sporach z deweloperem tak\u017ce po realizacji inwestycji. Dochodzimy roszcze\u0144 z r\u0119kojmi i gwarancji na etapie przeds\u0105dowym, jaki przed s\u0105dem. Koszt opiniowania typowej umowy deweloperskiej to zaledwie 400 z\u0142 netto [&hellip;]<\/p>\n","protected":false},"author":1,"featured_media":120,"parent":0,"menu_order":0,"comment_status":"closed","ping_status":"closed","template":"","meta":{"footnotes":""},"class_list":["post-119","page","type-page","status-publish","has-post-thumbnail","hentry"],"_links":{"self":[{"href":"https:\/\/www.arlegal.com.pl\/index.php?rest_route=\/wp\/v2\/pages\/119","targetHints":{"allow":["GET"]}}],"collection":[{"href":"https:\/\/www.arlegal.com.pl\/index.php?rest_route=\/wp\/v2\/pages"}],"about":[{"href":"https:\/\/www.arlegal.com.pl\/index.php?rest_route=\/wp\/v2\/types\/page"}],"author":[{"embeddable":true,"href":"https:\/\/www.arlegal.com.pl\/index.php?rest_route=\/wp\/v2\/users\/1"}],"replies":[{"embeddable":true,"href":"https:\/\/www.arlegal.com.pl\/index.php?rest_route=%2Fwp%2Fv2%2Fcomments&post=119"}],"version-history":[{"count":1,"href":"https:\/\/www.arlegal.com.pl\/index.php?rest_route=\/wp\/v2\/pages\/119\/revisions"}],"predecessor-version":[{"id":253,"href":"https:\/\/www.arlegal.com.pl\/index.php?rest_route=\/wp\/v2\/pages\/119\/revisions\/253"}],"wp:featuredmedia":[{"embeddable":true,"href":"https:\/\/www.arlegal.com.pl\/index.php?rest_route=\/wp\/v2\/media\/120"}],"wp:attachment":[{"href":"https:\/\/www.arlegal.com.pl\/index.php?rest_route=%2Fwp%2Fv2%2Fmedia&parent=119"}],"curies":[{"name":"wp","href":"https:\/\/api.w.org\/{rel}","templated":true}]}}